t are the prime factors of 6793146?
2, 3, 19, 2207
List the prime factors of 4325606.
2, 2162803
What are the prime factors of 2244290?
2, 5, 224429
What are the prime factors of 189160?
2, 5, 4729
What are the prime factors of 3397300?
2, 5, 53, 641
What are the prime factors of 735171?
3, 41, 43, 139
List the prime factors of 7362702.
2, 3, 449, 911
What are the prime factors of 4416375?
3, 5, 11777
List the prime factors of 635215.
5, 7, 18149
What are the prime factors of 313632?
2, 3, 11
List the prime factors of 8584.
2, 29, 37
What are the prime factors of 28691280?
2, 3, 5, 37, 359
List the prime factors of 1091911.
19, 101, 569
What are the prime factors of 717653?
717653
List the prime factors of 1615690.
2, 5, 161569
List the prime factors of 107813.
131, 823
List the prime factors of 607596.
2, 3, 11, 4603
List the prime factors of 2024518.
2, 1012259
List the prime factors of 68043.
3, 37, 613
What are the prime factors of 16942?
2, 43, 197
What are the prime factors of 414079?
547, 757
What are the prime factors of 15581741?
7, 17, 23, 5693
What are the prime factors of 1204305?
3, 5, 80287
List the prime factors of 16549695.
3, 5, 367771
What are the prime factors of 4632493?
2099, 2207
List the prime factors of 13754194.
2, 223, 30839
List the prime factors of 747944.
2, 93493
What are the prime factors of 705416?
2, 88177
What are the prime factors of 449533?
7, 149, 431
What are the prime factors of 4852918?
2, 7, 29, 11953
What are the prime factors of 1333398?
2, 3, 11, 89, 227
What are the prime factors of 11283553?
11283553
What are the prime factors of 2616823?
11, 233, 1021
List the prime factors of 2659844.
2, 11, 61, 991
List the prime factors of 294640.
2, 5, 29, 127
What are the prime factors of 190350?
2, 3, 5, 47
What are the prime factors of 260497?
331, 787
List the prime factors of 690693.
3, 17, 29, 467
List the prime factors of 6277185.
3, 5, 139493
List the prime factors of 451748.
2, 11, 10267
What are the prime factors of 28804913?
71, 405703
What are the prime factors of 268377?
3, 89459
What are the prime factors of 975018?
2, 3, 11, 17, 79
List the prime factors of 86398.
2, 13, 3323
List the prime factors of 193508.
2, 7, 6911
List the prime factors of 63670.
2, 5, 6367
List the prime factors of 41006.
2, 7, 29, 101
List the prime factors of 4567512.
2, 3, 190313
List the prime factors of 302533.
7, 11, 3929
List the prime factors of 2256394.
2, 7, 41, 3931
List the prime factors of 316440.
2, 3, 5, 293
List the prime factors of 275020.
2, 5, 13751
What are the prime factors of 5721919?
7, 41, 19937
What are the prime factors of 102627?
3, 7, 181
What are the prime factors of 5536436?
2, 1384109
What are the prime factors of 8941607?
8941607
List the prime factors of 14112171.
3, 522673
What are the prime factors of 9835600?
2, 5, 67, 367
What are the prime factors of 516375?
3, 5, 17
What are the prime factors of 283935?
3, 5, 23, 823
List the prime factors of 8368641.
3, 17, 83, 659
What are the prime factors of 1715306?
2, 857653
List the prime factors of 791540.
2, 5, 19, 2083
List the prime factors of 1113266.
2, 7, 11, 7229
List the prime factors of 814342.
2, 41, 9931
What are the prime factors of 401281?
23, 73, 239
What are the prime factors of 7388741?
7388741
What are the prime factors of 1658141?
181, 9161
What are the prime factors of 1092814?
2, 41, 13327
What are the prime factors of 251826?
2, 3, 19, 47
List the prime factors of 98054.
2, 11, 4457
List the prime factors of 2621507.
7, 374501
What are the prime factors of 5750067?
3, 1916689
What are the prime factors of 422678?
2, 211339
What are the prime factors of 122227?
7, 19, 919
What are the prime factors of 367399?
47, 7817
List the prime factors of 11386064.
2, 711629
What are the prime factors of 877909?
877909
List the prime factors of 356831.
356831
List the prime factors of 23189244.
2, 3, 13, 23, 281
List the prime factors of 3095629.
31, 99859
List the prime factors of 964576.
2, 43, 701
What are the prime factors of 39437487?
3, 31, 141353
List the prime factors of 358792.
2, 7, 43, 149
List the prime factors of 730828.
2, 7, 43, 607
What are the prime factors of 2136337?
7, 83, 3677
What are the prime factors of 2759080?
2, 5, 23, 2999
What are the prime factors of 3829405?
5, 765881
What are the prime factors of 1935453?
3, 13, 49627
What are the prime factors of 464507?
59, 7873
List the prime factors of 88150.
2, 5, 41, 43
What are the prime factors of 69767?
69767
What are the prime factors of 315306?
2, 3, 5839
List the prime factors of 5333907.
3, 23, 3361
What are the prime factors of 2711263?
23, 117881
List the prime factors of 755824.
2, 97, 487
List the prime factors of 888268.
2, 222067
What are the prime factors of 600579?
3, 7, 9533
List the prime factors of 14017.
107, 131
List the prime factors of 4980941.
7, 711563
List the prime factors of 6994788.
2, 3, 582899
What are the prime factors of 25997703?
3, 101, 239, 359
What are the prime factors of 125275?
5, 5011
List the prime factors of 342201.
3, 114067
What are the prime factors of 250363?
19, 13177
What are the prime factors of 121261?
7, 17, 1019
What are the prime factors of 508232?
2, 17, 37, 101
What are the prime factors of 6683168?
2, 457
What are the prime factors of 5229985?
5, 1045997
List the prime factors of 196391.
13, 15107
List the prime factors of 8408023.
13, 646771
List the prime factors of 169190.
2, 5, 7, 2417
What are the prime factors of 25917676?
2, 1459, 4441
List the prime factors of 238452.
2, 3, 31, 641
List the prime factors of 4095660.
2, 3, 5, 68261
List the prime factors of 5241298.
2, 97, 27017
What are the prime factors of 18558?
2, 3, 1031
List the prime factors of 4296956.
2, 229, 4691
List the prime factors of 1198944.
2, 3, 23, 181
List the prime factors of 3591071.
11, 31, 10531
List the prime factors of 330705.
3, 5, 7349
List the prime factors of 95162.
2, 47581
What are the prime factors of 225260?
2, 5, 7, 1609
What are the prime factors of 8386792?
2, 67, 15647
What are the prime factors of 4266?
2, 3, 79
What are the prime factors of 830397?
3, 31, 8929
List the prime factors of 372822.
2, 3, 62137
List the prime factors of 6977148.
2, 3, 581429
List the prime factors of 323023.
317, 1019
What are the prime factors of 529422?
2, 3, 88237
List the prime factors of 10584804.
2, 3, 882067
List the prime factors of 6564752.
2, 23, 17839
What are the prime factors of 347103?
3, 38567
What are the prime factors of 813576?
2, 3, 109, 311
What are the prime factors of 406640?
2, 5, 13, 17, 23
What are the prime factors of 102620?
2, 5, 7, 733
List the prime factors of 274535.
5, 54907
List the prime factors of 6360112.
2, 11, 36137
List the prime factors of 485437.
485437
List the prime factors of 449757.
3, 7, 11, 59
What are the prime factors of 3765691?
173, 21767
List the prime factors of 861266.
2, 7, 61519
What are the prime factors of 22143?
3, 11, 61
List the prime factors of 101681.
101681
List the prime factors of 6561912.
2, 3, 7, 139, 281
List the prime factors of 219255.
3, 5, 47, 311
List the prime factors of 5126507.
271, 18917
List the prime factors of 5660006.
2, 11, 257273
List the prime factors of 206474.
2, 103237
List the prime factors of 237831.
3, 11, 7207
What are the prime factors of 105920?
2, 5, 331
What are the prime factors of 202381?
202381
List the prime factors of 1025068.
2, 11, 23297
What are the prime factors of 7064041?
101, 69941
List the prime factors of 65305.
5, 37, 353
What are the prime factors of 238267?
238267
What are the prime factors of 3928391?
3928391
List the prime factors of 355476.
2, 3, 11, 2693
What are the prime factors of 6161664?
2, 3, 71, 113
What are the prime factors of 176850?
2, 3, 5, 131
What are the prime factors of 13260015?
3, 5, 41, 7187
List the prime factors of 214253.
13, 16481
List the prime factors of 22899878.
2, 89, 127, 1013
What are the prime factors of 492704?
2, 89, 173
What are the prime factors of 255397?
127, 2011
What are the prime factors of 206232?
2, 3, 13, 661
List the prime factors of 294019.
11, 26729
List the prime factors of 217875.
3, 5, 7, 83
What are the prime factors of 4639765?
5, 13, 41, 1741
List the prime factors